y = 4*r + r - 8. Is 3*(((-2595)/(-9) - y) + -1) composite?
False
Suppose 695105 = 5*r + 2*f, 40*f = 42*f. Is r a composite number?
False
Suppose -794*u + 7493718 + 14856174 = -166*u. Is u a composite number?
True
Suppose 0 = 6*q + 54610 + 166100. Let t = -25008 - q. Is t composite?
False
Suppose 0 = 2*c + 2*j - 88 + 34, -98 = -4*c - 2*j. Suppose 0 = 20*t - c*t + 9182. Is t prime?
True
Let f(k) = -681*k + 84. Let r be f(-6). Let g = 6163 - r. Is g prime?
True
Let g = 420695 + -222122. Is g a composite number?
True
Let x(t) = 3*t**3 - 4*t**2 - 1. Suppose -2*f = f + 129. Let a = f - -47. Is x(a) a composite number?
False
Let m(a) = 12*a**2 + 7*a + 1. Let u be m(-3). Is (-55970)/(-18) - (u/99)/2 prime?
True
Let n(b) = 40666*b**3 - 2*b**2 + 9*b - 6. Let y be n(1). Let j = y + -25006. Is j prime?
True
Let r(s) = -1325*s + 152. Is r(-3) composite?
False
Let h be (3/(-27))/((-1)/3)*-3. Is (1 + 90/12)/(h/(-118)) a prime number?
False
Suppose -d + 6 - 5 = 0. Let p(a) = 6*a + 72. Let z be p(-11). Is (-16617)/(-18) - d/z a composite number?
True
Suppose -5*b - d + 15 = 0, -5*d + 9*d = 5*b + 10. Suppose -b*w + 3*f = -9119, -2*w + f + 9125 = 4*f. Is w a prime number?
True
Suppose -96*v + 2911002 + 7010268 = 1999062. Is v a prime number?
False
Let c = -38584 + 56781. Is c a composite number?
True
Let u = 84 + -79. Suppose -38688 = -4*i + u*x, -2*i + 48401 = 3*i + 4*x. Is i a prime number?
True
Suppose 21*o = 165 - 39. Is (1765 - o)*(0 - -1) composite?
False
Let c = 29 + -26. Suppose m - 2277 = -3*m - c*x, 5*m = -x + 2860. Suppose 19*a = 16*a + m. Is a a prime number?
True
Let f(x) = 291*x - 34. Suppose -b + 3 = 2, 60 = 4*k - 4*b. Let n = k + -13. Is f(n) a composite number?
False
Let k = 1410 + 203. Let y = 6466 - k. Is y a composite number?
True
Let c = -5237 - -22954. Is c composite?
True
Let f(p) = -6966*p + 4359. Is f(-14) composite?
True
Let i be (-4694)/(-6) - (-8)/(-24). Suppose -17565 = -3*f - q, -4*f - i = -q - 24195. Is f prime?
False
Let r(u) = 50*u**2 - 27 - 5*u - 4*u - u - 15*u**2. Is r(-6) composite?
True
Let j = 11 + 0. Suppose i + 50 = j*i. Suppose -p + 176 = -3*s, -i*p - 2*s + 900 = 3*s. Is p prime?
True
Suppose -3*n - 180 = -7*n. Let d = 40 - n. Let j(i) = -i**3 - 4*i**2 - 4*i + 1. Is j(d) composite?
True
Is ((-2)/4)/(13/(9 + -3794683)) composite?
False
Suppose -l + 196 = 3*h, -5*h - 3*l + 119 + 201 = 0. Let v(k) = k**2 + 19*k - 6. Let s be v(8). Let t = s - h. Is t a composite number?
True
Suppose 5*c + 1037070 = -934*m + 939*m, 5*c = m - 207418. Is m prime?
False
Suppose -4*n = -4*j + 5852508, -4*j + 4398121 = -5*n - 1454383. Is j a prime number?
False
Let i be (-28)/(-4) - 5 - -1*2. Suppose p - c - 300 = -83, 5*p - 1082 = i*c. Let q = p - -1185. Is q a composite number?
False
Let j be -2 - -38*(1 + -1 + -2). Let o = j - -80. Suppose -4*r = -o*f - 998, 4 = 3*f - 5. Is r composite?
False
Let r = -37201 + 59750. Is r a prime number?
True
Let j = 49 - 12. Suppose j*m = 38*m - 1003. Is m composite?
True
Let a(z) = 2224*z**2 + 32*z + 221. Is a(-7) prime?
False
Let w(d) be the third derivative of 73*d**5/30 - 3*d**4/8 + 185*d**3/6 - 11*d**2. Is w(18) composite?
True
Let o = -89 - -85. Let w be (0 - o) + -3 + 0 - -3. Is 1546/4*(-8)/(w + -6) a composite number?
True
Is 20717322/170 + 7/10*(-32)/(-56) a composite number?
False
Is (36724/(-3))/(7*(-24)/252) a composite number?
True
Let q = -556 + 369. Is 25/(-5) + (1 - 3*q) a composite number?
False
Let v be (-3)/9 - (-6)/(90/3785). Suppose -5*k = -3*j + 4*j - 634, k = 2*j + 129. Let g = k + v. Is g prime?
True
Let k be -2 + (-3 - -5) + 4. Suppose -k*z - 26710 = -2*q - 4718, -4*q - 5*z + 44023 = 0. Is q a composite number?
True
Suppose 0 = 54*t - 59*t + z + 137139, 0 = 4*t - z - 109712. Is t a prime number?
True
Is 46121306/68 - (-24)/(-16) a prime number?
True
Let t(q) = -3*q**2 - 8*q + 6. Let h be t(6). Let d be (-327880)/h - (-4)/30. Let b = d + -705. Is b a prime number?
True
Suppose 3*q - 20 - 1 = 0. Suppose -4*k = -q*k - 960. Is 1 - (0/(-1) + 2 + k) prime?
False
Let w be 44/12 - 5/(-15). Suppose 2*n = w*n - 1538. Is n a composite number?
False
Let f(c) = 15*c**3 - 3*c**2 + 5*c. Suppose -4*w - 13 = 243. Let n = -62 - w. Is f(n) prime?
False
Suppose 133837 - 40282 = 7*w. Suppose 3*o + 2*t - 24596 = w, -2*t - 50624 = -4*o. Is o a prime number?
False
Suppose -6*o - 22 = 5*o. Let j be (o + 216/(-4))/(3/(-93)). Let n = j + -1207. Is n composite?
True
Suppose -p + 91 = -5*p + u, 3*u + 57 = -3*p. Let o be ((-2)/4)/(p/50468). Is o/1 - -6*(-2)/(-3) a composite number?
False
Is (14/(-4))/(1869/(-35055498)) a composite number?
False
Suppose -3*g + 185 = -4*w, -4*w - 205 = w + 5*g. Let f = w + 46. Suppose m = 4*m + f*k - 1481, -5*m + 2447 = -2*k. Is m a composite number?
False
Let l(j) = -10974*j**3 - j**2 + 25*j + 167. Is l(-5) a composite number?
False
Suppose i + 776 = -2*f, 7*i - 6*i - 2*f = -792. Let d = i + 1101. Is d a composite number?
False
Let m be 7/84 + 167/12. Is (8/14)/(m/55321 - 0) a prime number?
False
Suppose 1258272 + 4029617 = 79*i + 308598. Is i composite?
False
Suppose -5*z - 12 = -3*j + 231, 2*z - 70 = -j. Suppose j*o - 47*o - 155063 = 0. Is o a prime number?
True
Let v be ((-8)/(-14))/(2/7). Is (-3 - v) + 786*(-28)/(-8) a composite number?
True
Let s = 385 - 381. Suppose 8*o = s*o + 16724. Is o a prime number?
False
Is 10/(-50) + (-2 - 117330/(-25)) prime?
True
Let q = -3722 + 6123. Is q/9 + 2/9 - 4 prime?
True
Let v = -34 + 36. Let j be v/6 + (-4)/6*4172. Is j/(-7) + (-11)/((-231)/(-6)) a prime number?
True
Suppose 139*d - 151*d = -1207092. Is d prime?
True
Let g = -120828 + 226255. Is g composite?
True
Let k(u) = -u**2 + 2*u + 12. Let g be k(5). Let w be 5 - (12/4 + -6)/g. Suppose -5*p = 4*y - 453, -w*y - y - 294 = -3*p. Is p a prime number?
False
Let p be (5/2)/((-105)/14 - -8). Suppose 3*k = -p*n + 3683 + 2264, 5915 = 5*n - 5*k. Is n a composite number?
False
Suppose z + 4*f = -3*z + 20, 0 = -z + 4*f - 5. Let b be 3/21*0 + (z - 1). Suppose b*c = v - 399, 4 = -c - 0. Is v prime?
False
Suppose 2*f - 20 = 24*p - 19*p, 3*f - 19 = 2*p. Suppose 26*u - 121995 = 21*u + 5*r, 2*u = -f*r + 48826. Is u a prime number?
False
Let m = -2147 - 2747. Let y = m - -7473. Is y prime?
True
Suppose 20*h - 955546 - 482959 = 129515. Is h a composite number?
False
Suppose -5*f - 22 - 19 = -4*y, 2*f = -y - 6. Suppose 59 - 75 = y*c. Let k(n) = -532*n + 21. Is k(c) a prime number?
False
Let v(b) = -b - 42. Let d be v(24). Is d*(-7200)/27 - 1 a prime number?
True
Let q = 832897 - 342938. Is q a prime number?
True
Let b(s) = s**3 - s**2 - 11*s + 14. Let z be b(3). Is (-90754)/(-12) - (4/z)/24 composite?
True
Suppose -5*n + 5*j = -330810, 7*n - 3*j - 66160 = 6*n. Is n prime?
False
Is 280/(-20) + (0 - (-7)/1) - -2076 composite?
False
Suppose -2*c = -3*c + 3. Let l = c + 674. Is l a composite number?
False
Is 210/(-60)*35194/(-7) a prime number?
True
Suppose 4*o + 9440 = b, -5*b - 2*o + 47269 = o. Is (2*1)/(8/b) a prime number?
False
Suppose 37*z = -64*z - 6*z + 326075545. Is z composite?
True
Suppose 5*b = -3*w - 413810, -5*b + 4*w + 70988 = 484763. Let z = -47610 - b. Is z composite?
False
Let j = -3184 + -3066. Let v = j - -10223. Is v prime?
False
Suppose -2*p - 3*z = -2*z + 46, -p + 5*z - 12 = 0. Is 1318 - 3/2*p/33 prime?
True
Let d(c) = 3*c**2 + 22*c + 12. Let v be d(-17). Let o = 520 - v. Is o a composite number?
True
Suppose 2*x + v - 2122 = 3*x, 0 = 3*x - 2*v + 6365. Let y = x + 157. Is 22/(-99) - (y/9 - -1) a composite number?
True
Let n = -97894 + 205553. Is n prime?
False
Let r(w) = -223*w**2 + 9*w + 1. Let t be r(2). Is (-77)/(-21)*(t/(-1))/3 prime?
False
Suppose 0 = 4*b - 6 - 10. Suppose b*a - f = 75, 3*f + f + 102 = 5*a. Is (12/a)/((-7)/((-12789)/6)) prime?
False
Let l(z) = 3*z**3 + 2*z**2 - z - 6. Let u(n) = -n**3 + n**2. Let m(d) = -l(d) - 4*u(d). Let y be m(5). Is -30*429/y - (-6)/(-21) a prime number?
True
Suppose -42 = -18*z + 66. Suppose 0 = -z*y + 106359 + 187263. Is y a composite number?
True
Suppose o + 519888 = 4*k - o, 5*k + 2*o = 649851. Is (-38)/171 + k/9 a prime number?
False
Let c(r) = 14*r**2 + 6*r + 16. Let b be c(-10). Suppose -i = -2*i - b. Let o = -585 - i. Is o a prime number?
False
Let n(z) = 231*z**3 + z**2 - z - 1. Let h(t) = 115*t**3 + t**2 - t. Suppose 7*p = -13 - 8